{"id":194,"date":"2026-03-10T09:02:06","date_gmt":"2026-03-10T09:02:06","guid":{"rendered":"https:\/\/futureafricaphilanthropy.org\/?page_id=194"},"modified":"2026-03-10T13:19:42","modified_gmt":"2026-03-10T13:19:42","slug":"a-propos","status":"publish","type":"page","link":"https:\/\/futureafricaphilanthropy.org\/index.php\/a-propos\/","title":{"rendered":"\u00c0 propos"},"content":{"rendered":"<h2>Un laboratoire de solutions pour r\u00e9pondre aux enjeux soci\u00e9taux.<\/h2>\n<p>En dix ans d\u2019existence, nous avons \u00e9volu\u00e9 vers une philanthropie familiale plus intentionnelle, structur\u00e9e et strat\u00e9gique. Nous concevons, pilotons et mesurons l\u2019impact de nos programmes, dans l\u2019\u00e9ducation, le climat, les arts et la culture.<\/p>\n","protected":false},"excerpt":{"rendered":"<p>Un laboratoire de solutions pour r\u00e9pondre aux enjeux soci\u00e9taux. En dix ans d\u2019existence, nous avons \u00e9volu\u00e9 vers une philanthropie familiale plus intentionnelle, structur\u00e9e et strat\u00e9gique. Nous concevons, pilotons et mesurons l\u2019impact de nos programmes, dans l\u2019\u00e9ducation, le climat, les arts et la culture.<\/p>\n","protected":false},"author":3,"featured_media":0,"parent":0,"menu_order":0,"comment_status":"closed","ping_status":"closed","template":"","meta":{"footnotes":""},"class_list":["post-194","page","type-page","status-publish","hentry"],"_links":{"self":[{"href":"https:\/\/futureafricaphilanthropy.org\/index.php\/wp-json\/wp\/v2\/pages\/194","targetHints":{"allow":["GET"]}}],"collection":[{"href":"https:\/\/futureafricaphilanthropy.org\/index.php\/wp-json\/wp\/v2\/pages"}],"about":[{"href":"https:\/\/futureafricaphilanthropy.org\/index.php\/wp-json\/wp\/v2\/types\/page"}],"author":[{"embeddable":true,"href":"https:\/\/futureafricaphilanthropy.org\/index.php\/wp-json\/wp\/v2\/users\/3"}],"replies":[{"embeddable":true,"href":"https:\/\/futureafricaphilanthropy.org\/index.php\/wp-json\/wp\/v2\/comments?post=194"}],"version-history":[{"count":43,"href":"https:\/\/futureafricaphilanthropy.org\/index.php\/wp-json\/wp\/v2\/pages\/194\/revisions"}],"predecessor-version":[{"id":388,"href":"https:\/\/futureafricaphilanthropy.org\/index.php\/wp-json\/wp\/v2\/pages\/194\/revisions\/388"}],"wp:attachment":[{"href":"https:\/\/futureafricaphilanthropy.org\/index.php\/wp-json\/wp\/v2\/media?parent=194"}],"curies":[{"name":"wp","href":"https:\/\/api.w.org\/{rel}","templated":true}]}}